.
8
Let g(v) = v**2 + 3*v - 6. Calculate g(-5).
4
Let d(w) = -2*w - 33. Determine d(-19).
5
Let u(r) = -6*r + 72. What is u(16)?
-24
Let w(y) = y**2 + 8*y + 2. Determine w(-7).
-5
Let o(u) = -u**3 - 2*u**2 - 8*u - 6. Calculate o(-3).
27
Let d(q) = 3*q**3 - 14*q**2 - 2*q + 6. Give d(5).
21
Let y(t) = -t**2 + 4*t - 5. Give y(6).
-17
Let d(k) = -5*k + 10. Give d(-13).
75
Let m(q) = 15*q**2 + 1. Determine m(-1).
16
Let q(m) = -2*m**2 - 21*m - 2. Calculate q(-10).
8
Let j(a) = -a**2 + 13*a - 11. What is j(10)?
19
Let z(d) = d - 7. Determine z(12).
5
Let i(y) = y - 1. Determine i(0).
-1
Let q(j) = -11*j**2 + 6*j - 6. What is q(2)?
-38
Let j(y) = -2*y**3 + 40*y**2 - 38*y - 6. Determine j(19).
-6
Let l(p) = -3*p**2 + 16*p + 28. Determine l(6).
16
Let n(g) = -g**2 + g + 45. Give n(8).
-11
Let b(v) = -v**2 - 19*v + 18. Determine b(-20).
-2
Let g(w) = -10*w**2 - 51*w + 7. Determine g(-5).
12
Let b(a) = a**2 + 8*a + 17. What is b(-2)?
5
Let o(h) = -3*h - 66. Give o(0).
-66
Let u(y) = -y**2 - 20*y - 39. Determine u(-18).
-3
Let n(c) = -6*c + 2. Give n(-3).
20
Let k(l) = -2*l**3 - 15*l**2 + 7*l - 4. What is k(-8)?
4
Let d(j) = j**3 + 37*j**2 + 39*j + 115. Calculate d(-36).
7
Let j(z) = z**3 - 10*z**2 - z + 10. Calculate j(10).
0
Let p(u) = -10*u**3 - 2*u**2 + 3*u - 1. Determine p(1).
-10
Let d(x) = -4*x + 6. Determine d(7).
-22
Let i(x) = -18*x**2 + 11*x + 5. Calculate i(4).
-239
Let k(r) = r**2 - 13*r + 13. Calculate k(12).
1
Let w(s) = 9*s + 17. Give w(-3).
-10
Let v(y) = 36*y**3 - y**2. Calculate v(1).
35
Let u(b) = b**2 + 5*b + 2. What is u(-5)?
2
Let m(d) = -d**3 - 34*d**2 + 72*d - 9. What is m(-36)?
-9
Let k(p) = p**3 - 14*p**2 - 15*p - 9. Calculate k(15).
-9
Let k(y) = y**3 + 13*y**2 + 11*y - 15. Calculate k(-12).
-3
Let b(p) = -2*p**2 + 31*p + 15. Determine b(16).
-1
Let i(f) = -f**3 - f**2 - 2*f - 4. Give i(-3).
20
Let p(h) = 16*h + 3. Calculate p(1).
19
Let p(s) = -2*s**2 + 4*s - 6. What is p(-4)?
-54
Let m(u) = u**3 + 9*u**2 - u - 3. Calculate m(-9).
6
Let o(u) = -5*u**2 - 3*u + 1. What is o(-4)?
-67
Let t(b) = b**2 - 7*b + 13. Give t(10).
43
Let s(j) = -j - 14. Determine s(-5).
-9
Let u(z) = z**2 + 11*z + 35. Determine u(-7).
7
Let v(i) = 8*i + 1. Determine v(2).
17
Let i(b) = 4*b**3 + 2*b**2 + 10*b + 3. What is i(-3)?
-117
Let q(b) = b + 9. Calculate q(-3).
6
Let f(d) = d + 1. Determine f(-2).
-1
Let d(v) = 2*v**2 + 6*v + 16. Determine d(-12).
232
Let g(n) = n**3 + 6*n - 4. Determine g(2).
16
Let z(n) = n - 17. What is z(9)?
-8
Let u(x) = x**3 + 13*x**2 - 71. What is u(-13)?
-71
Let z(j) = -17*j + 2. Determine z(-1).
19
Let w(k) = k + 11. Calculate w(-9).
2
Let i(q) = -q**3 - 2*q + 1. Give i(-2).
13
Let y(g) = 25*g + 27. Give y(-1).
2
Let z(v) = 23*v**2 - 2*v. Calculate z(-1).
25
Let g(k) = k**3 + 10*k**2 - 11*k + 7. Calculate g(-11).
7
Let s(v) = -v**2 - 9*v - 14. What is s(-12)?
-50
Let o(t) = t**3 + 9*t**2 - 15*t - 17. Determine o(-10).
33
Let q(f) = -6*f**3. Determine q(1).
-6
Let l(b) = b**3 - b**2 - 2*b - 2. Determine l(0).
-2
Let y(r) = -4*r**2 - 3*r - 3. Give y(-2).
-13
Let y(u) = 13*u**2 - 106*u + 14. Give y(8).
-2
Let p(d) = d. Calculate p(0).
0
Let f(c) = -2*c**3 - 2*c**2 + 3. Calculate f(-2).
11
Let t(m) = 7*m**2 - 7*m + 4. Give t(2).
18
Let j(k) = 21*k**3 - 1. Give j(1).
20
Let k(y) = y**3 - 7*y**2 + 4*y + 9. Determine k(5).
-21
Let f(i) = 5*i + 8. What is f(-3)?
-7
Let t(q) = 2*q**3 + 5*q**2 - 4*q - 6. Give t(-4).
-38
Let j(n) = n**3 - 6*n - 33. Give j(6).
147
Let z(q) = -q**3 + 9*q**2 + 13*q + 3. Give z(10).
33
Let z(d) = -d**3 - 13*d**2 - 8*d + 29. Give z(-12).
-19
Let p(g) = -g + 11. What is p(6)?
5
Let m(q) = -6*q + 32. Determine m(5).
2
Let d(n) = 2*n**3 - 2*n**2 - 3*n + 5. Give d(2).
7
Let t(w) = -3*w + 8. What is t(5)?
-7
Let s(y) = 16*y - 153. Determine s(7).
-41
Let s(l) = 7*l + 76. What is s(-14)?
-22
Let w(o) = o**3 - 8*o**2 + o - 3. Calculate w(8).
5
Let m(c) = -2*c + 4. Give m(-5).
14
Let g(s) = 36*s + 119. Determine g(-3).
11
Let i(z) = -5*z - 12. Calculate i(-4).
8
Let o(k) = -k**3 + 6*k**2 - 2*k + 2. Determine o(3).
23
Let g(j) = 3*j - 18. Determine g(12).
18
Let q(n) = n**3 + 10*n**2 + 7*n + 5. Determine q(-10).
-65
Let c(w) = -w**3 + 4*w**2 + 4*w - 2. Calculate c(4).
14
Let m(y) = 2*y**2 - 9*y - 8. Give m(7).
27
Let v(m) = m - 4. Calculate v(-13).
-17
Let h(g) = g**2 + 13*g + 12. Determine h(-14).
26
Let v(g) = -2*g**3 - 2*g**2 + 8*g + 3. Calculate v(2).
-5
Let p(r) = 2*r + 8. Calculate p(-9).
-10
Let g(b) = b**3 - 12*b**2 + 38*b - 14. What is g(6)?
-2
Let h(u) = u**2 - u. Determine h(2).
2
Let n(x) = 26*x**2 + 259*x - 2. What is n(-10)?
8
Let p(d) = d + 11. Calculate p(10).
21
Let v(f) = 2*f**3 - 17*f**2 + 9*f - 12. Determine v(8).
-4
Let d(w) = w**3 + 11*w**2 - 10*w + 10. What is d(-12)?
-14
Let o(q) = -2*q + 4. Determine o(-2).
8
Let x(d) = -d**3 - 13*d**2 - 11*d + 5. Calculate x(-12).
-7
Let c(z) = -z**3 - 17*z**2 + 18*z - 5. Calculate c(-18).
-5
Let c(w) = -2*w + 58. Calculate c(30).
-2
Let g(p) = 29*p + 4. What is g(1)?
33
Let b(q) = -q - 5. Give b(7).
-12
Let d(c) = -18*c - 544. What is d(-29)?
-22
Let i(c) = -7*c**2 - 2. What is i(2)?
-30
Let z(l) = l**2 + 8*l + 10. Calculate z(-7).
3
Let j(a) = a**3 - 2*a**2 - 2*a + 2. Calculate j(0).
2
Let k(p) = 5*p + 12. Give k(-2).
2
Let u(d) = -d**2 - 13*d - 31. Determine u(-5).
9
Let s(k) = -k**2 - 2*k + 84. Determine s(8).
4
Let z(d) = -2*d**2 - 3*d + 13. Calculate z(-3).
4
Let p(y) = -y**3 + 3*y + 3. Calculate p(3).
-15
Let l(y) = -96*y**2 - 4*y - 4. What is l(-1)?
-96
Let z(u) = -8*u**2 + 94*u + 10. Give z(12).
-14
Let i(g) = g**2 - 14*g + 33. Calculate i(11).
0
Let p(a) = a**3 - 11*a**2 - 17*a + 28. Determine p(12).
-32
Let d(r) = -3*r**2 + 3*r + 1. Give d(-2).
-17
Let r(l) = 12*l - 207. Determine r(17).
-3
Let c(r) = r**2 + 17*r - 19. What is c(-18)?
-1
Let y(t) = 16*t - 5. Determine y(5).
75
Let p(u) = 2*u**2 + 5*u + 4. What is p(-3)?
7
Let d(h) = -3*h - 11. Calculate d(-4).
1
Let m(g) = -39*g**3 + g - 1. Calculate m(1).
-39
Let w(g) = -g**2 - 9*g. What is w(-5)?
20
Let y(w) = w**2 - 8*w + 2. Give y(4).
-14
Let s(a) = 2*a**3 - 3*a**2 - 2*a - 2. Give s(3).
19
Let x(q) = -q**2 + 9*q + 19. Calculate x(9).
19
Let m(g) = 26*g**3 + g**2 + g. Calculate m(-1).
-26
Let j(k) = -k**3 - 3*k**2 - 2*k - 4. Give j(0).
-4
Let d(s) = -s**3 + 9*s**2 - 10*s - 54. What is d(5)?
-4
Let s(d) = d - 5. Determine s(4).
-1
Let m(j) = -101*j**2 + 1. Give m(-1).
-100
Let s(c) = -c**3 + 11*c**2 - 14*c + 16. What is s(7)?
114
Let l(o) = 5*o - 48. Give l(8).
-8
Let t(s) = -13*s**2 - 2*s. Calculate t(-3).
-111
Let k(f) = -2*f**2 + 10*f - 12. What is k(6)?
-24
Let l(i) = 17*i + 5. Determine l(-5).
-80
Let r(d) = -38*d**3 + d**2 - d - 3. Calculate r(-1).
37
Let f(b) = -b**2 - 15*b + 8. Determine f(-16).
-8
Let j(y) = -y**3 - 12*y**2 - 21*y - 12. What is j(-10)?
-2
Let v(f) = f**3 - 9*f**2 + 6*f + 3. Give v(8).
-13
Let d(h) = 2*h + 11. What is d(-5)?
1
Let y(x) = -x**3 - 56*x**2 - 104*x + 218. Determine y(-54).
2
Let l(m) = 2*m**3 + 4*m**2 - 29*m - 3. Determine l(-5).
-8
Let a(h) = -2*h**3 - 10*h**2 + 3*h - 50. Give a(-6).
4
Let w(a) = -a**2 - 4*a. Determine w(-4).
0
Let z(j) = -9*j + 1. Calculate z(1).
-8
Let t(h) = h**2 + 8*h - 10. What is t(4)?
38
Let j(y) = y**3 + 13*y**2 + 13*y + 10. Determine j(-12).
-2
Let r(x) = 2*x**3 + 10*x**2 + 6*x + 21. Give r(-5).
-9
Let z(a) = -a**3 - 6*a**2 - 3*a - 23. Determine z(-6).
-5
Let k(q) = 3*q**3 - q**2 - 10*q + 7. What is k(2)?
7
Let h(p) = p**3 - 10*p**2 - 11*p + 13. Give h(11).
13
Let k(u) = 5*u**2 - 4*u + 2. What is k(2)?
14
Let d(u) = u**2 + 6*u - 8. Determine d(6).
64
Let b(q) = 3*q**2 + 2*q - 7. What is b(2)?
9
Let w(b) = 10*b**3 - b**2 + 2*b + 2. Give w(-1).
-11
Let k(u) = u**3 + 11*u**2 + 6*u. Calculate k(-5).
120
Let l(i) = -19*i + 34. Determine l(-2).
72
Let c(z) = z**2 + 23. Determine c(0).
23
Let v(o) = o - 39. Calculate v(3).
-36
Let p(u) = u**3 + 4*u**2 - 8*u - 5. Give p(-5).
10
Let t(v) = 17*v + 1. Calculate t(5).
86
Let o(r) = -5*r - 168. What is o(-31)?
-13
Let f(x) = x**2 + 40*x - 386. Give f(8).
-2
Let g(n) = -12*n + 5. What is g(1)?
-7
Let b(c) = 3*c - 7. What is b(1)?
-4
Let i(j) = j**3 + 11*j**2 + 27*j - 8. What is i(-4)?
-4
Let o(m) = -14*m - 12. Determine o(-1).
2
Let z(v) = -41*v**3 + v**2. Give z(1).
-40
Let w(j) = j**3 